ase 11, what is 8 + 465a5?
46602
In base 16, what is -19c02 - -1?
-19c01
In base 12, what is -124a - -3?
-1247
In base 13, what is 5b - 484?
-426
In base 12, what is 54 + 1a98?
1b30
In base 13, what is ac9a + 5?
aca2
In base 4, what is -10120 - 1000303?
-1011023
In base 3, what is -11 + -102002220112?
-102002220200
In base 2, what is -1000001 - 11010010101?
-11011010110
In base 16, what is 1 + -11441?
-11440
In base 11, what is -89 + 295?
207
In base 6, what is 340324 - 0?
340324
In base 12, what is ba74 + -5?
ba6b
In base 4, what is -10102 + 102112?
32010
In base 10, what is 16145 - -3?
16148
In base 5, what is -14430222 + -1?
-14430223
In base 10, what is 7 - 5196?
-5189
In base 10, what is 180 - -2281?
2461
In base 14, what is 12a1 + 19?
12ba
In base 12, what is -52 - -19b17?
19a85
In base 12, what is -98 + -19?
-b5
In base 14, what is b34 + 8a3?
15d7
In base 5, what is -10243140 - 0?
-10243140
In base 7, what is 402 + 2101?
2503
In base 14, what is 1 - -551?
552
In base 13, what is -c3 + -22?
-115
In base 13, what is 17a - 3?
177
In base 2, what is 110001110111000 + 11?
110001110111011
In base 7, what is 2030 + 215?
2245
In base 4, what is 12 - 233012?
-233000
In base 6, what is 5 + -2133222?
-2133213
In base 12, what is 156b - 8?
1563
In base 6, what is 1501443 - -3?
1501450
In base 9, what is -577 + -4?
-582
In base 10, what is 283 + 38?
321
In base 11, what is a0 - 627?
-537
In base 14, what is 0 + 1813?
1813
In base 6, what is -251003314 - -4?
-251003310
In base 7, what is -320505 + 12?
-320463
In base 9, what is 6 - 3058?
-3052
In base 14, what is 113 + -9?
108
In base 5, what is -400 + 4?
-341
In base 6, what is 11 - 2013313?
-2013302
In base 14, what is -130 + 103?
-2b
In base 15, what is 379 + 22?
39b
In base 16, what is 52 + 81?
d3
In base 14, what is -719 + -7b?
-796
In base 10, what is -5 + -2463?
-2468
In base 9, what is -5327 - -77?
-5240
In base 15, what is -24 - 323b8?
-323dc
In base 8, what is 55741 - 4?
55735
In base 14, what is a7b - -2?
a7d
In base 3, what is 1 + 2002001011111?
2002001011112
In base 3, what is -21001120 + -2?
-21001122
In base 4, what is -20321 - -111?
-20210
In base 12, what is b - -65?
74
In base 11, what is 120 - 5641?
-5521
In base 14, what is -c4 + 46?
-7c
In base 9, what is -48 - -84?
35
In base 9, what is 325877 - 0?
325877
In base 6, what is -1254242 + 2?
-1254240
In base 15, what is -195c + -1?
-195d
In base 8, what is 675704 + -3?
675701
In base 13, what is b219 + -2?
b217
In base 5, what is -1 + 1002043?
1002042
In base 11, what is -25a55 + -8?
-25a62
In base 11, what is 128 - -a6?
223
In base 13, what is 73a - -54c?
c89
In base 9, what is -47 - 1371?
-1428
In base 11, what is 70372 + 4?
70376
In base 13, what is 29bc2b + -3?
29bc28
In base 4, what is 100012102 + 2?
100012110
In base 9, what is -11652 - 5?
-11657
In base 15, what is -6c + -51c2?
-523e
In base 8, what is -125235 - 7?
-125244
In base 2, what is -1101000011111 - -10100?
-1101000001011
In base 15, what is -30 - -1eb3?
1e83
In base 16, what is a7c59b - 3?
a7c598
In base 13, what is -10 + 37c10?
37c00
In base 7, what is 44133 - -4?
44140
In base 12, what is -3 - 985?
-988
In base 15, what is 1c300 - -b?
1c30b
In base 15, what is -3 - 47209?
-4720c
In base 7, what is -20036 + 4?
-20032
In base 16, what is f3e + -4?
f3a
In base 10, what is 7980 + -7?
7973
In base 12, what is -5 - 795?
-79a
In base 8, what is -1074 - 10555?
-11651
In base 8, what is -6 - 1671676?
-1671704
In base 3, what is 1022221100120 - 11?
1022221100102
In base 12, what is a2aa - -4?
a2b2
In base 5, what is -120021110 - 4?
-120021114
In base 8, what is -2242 + 27?
-2213
In base 16, what is -8a5 + d1?
-7d4
In base 13, what is 21a1 + -57?
2147
In base 8, what is 0 - 11141?
-11141
In base 4, what is -2113120211 - 3?
-2113120220
In base 12, what is -2 + -1a1417?
-1a1419
In base 13, what is -1c79a4 + 0?
-1c79a4
In base 15, what is -57 - 105?
-15c
In base 11, what is -90aa4 - 0?
-90aa4
In base 5, what is 212100 + 2?
212102
In base 13, what is -48 - -7c4?
779
In base 7, what is 0 + 234464?
234464
In base 2, what is -11000101010011000101 + -11?
-11000101010011001000
In base 16, what is -3f0a - -6a?
-3ea0
In base 9, what is -1083 + 1251?
157
In base 4, what is 13 - 12002112?
-12002033
In base 16, what is 7 + c12?
c19
In base 4, what is 11000 + 133331?
210331
In base 2, what is 1 - 11011011000011001?
-11011011000011000
In base 8, what is -6744 - -4?
-6740
In base 11, what is 9017 - -30?
9047
In base 6, what is 32540 + 331?
33311
In base 10, what is -1 + -30584?
-30585
In base 2, what is -11110111000000011 - 10?
-11110111000000101
In base 6, what is -105 + 3523?
3414
In base 3, what is -212221221 + 10021?
-212211200
In base 8, what is 3745 + -12?
3733
In base 12, what is 0 - -2b92?
2b92
In base 16, what is -d - -288f?
2882
In base 12, what is -3220 - -50?
-3190
In base 7, what is -530323 + 10?
-530313
In base 10, what is -162 - 233?
-395
In base 3, what is 1111220 - 212?
1111001
In base 10, what is -811 - 21?
-832
In base 3, what is 22012 - -200102?
222121
In base 6, what is 250 + -24332?
-24042
In base 11, what is -1 - -24120?
2411a
In base 4, what is 13221 - 32032?
-12211
In base 6, what is -13 - -10312?
10255
In base 8, what is 277 + 143?
442
In base 14, what is c0c87 + -2?
c0c85
In base 4, what is -12322201 - 123?
-12322330
In base 6, what is 2 - -1045142?
1045144
In base 9, what is 208715 - 5?
208710
In base 10, what is 1 - -647303?
647304
In base 13, what is 0 + -1945?
-1945
In base 7, what is 340 + 44?
414
In base 14, what is 12 + -660?
-64c
In base 5, what is 103142212 - 10?
103142202
In base 10, what is -2 - -7026?
7024
In base 9, what is -554508 + -3?
-554512
In base 7, what is 3 - -452150?
452153
In base 3, what is 0 + 20020221010?
20020221010
In base 13, what is b + -90?
-82
In base 6, what is 1153011 - -1?
1153012
In base 12, what is -384 - 12b4?
-1678
In base 8, what is 17526 - -164?
17712
In base 6, what is -1254 + 551?
-303
In base 5, what is -424212 - 112?
-424324
In base 3, what is 0 - 121200021?
-121200021
In base 12, what is 1a7a4 - 11?
1a793
In base 9, what is -465 - -1?
-464
In base 14, what is -5db3 - -7?
-5daa
In base 13, what is 387454 + -3?
387451
In base 13, what is -5bc7 - 10?
-5c07
In base 6, what is -2 - -235013?
235011
In base 14, what is 20 - -107?
127
In base 9, what is -1 + 2884508?
2884507
In base 5, what is 244 + -4231044?
-4230300
In base 11, what is 12aa + -2?
12a8
In base 15, what is 0 + 7553c?
7553c
In base 2, what is -1 + -100101011100100?
-100101011100101
In base 6, what is -335253 + 0?
-335253
In base 9, what is -144 - 3204?
-3348
In base 11, what is -5 - -7a45?
7a40
In base 3, what is -100010001 - 1100?
-100011101
In base 15, what is 2e9 + 11?
30a
In base 3, what is -21 + -2222220?
-10000011
In base 4, what is -12121 + 1332232?
1320111
In base 7, what is 140 + -42?
65
In base 10, what is 21 + 49638?
49659
In base 13, what is 1178a9 + 0?
1178a9
In base 14, what is -5 - -620?
619
In base 13, what is 2 + -19736?
-19734
In base 6, what is -14401243 - 5?
-14401252
In base 2, what is -1110001000011111 + 1?
-1110001000011110
In base 5, what is 13 - -20313133?
20313201
In base 8, what is 24 + 21663?
21707
In base 11, what is -545 + -1487?
-1a21
In base 11, what is 2720954 + -1?
2720953
In base 5, what is 303233 - -3?
303241
In base 14, what is 5d + -a926?
-a8a7
In base 8, what is -1443 + 44?
-1377
In base 10, what is -2080 + 16?
-2064
In base 10, what is -1279 + 35?
-1244
In base 16, what is -1 - 3d56?
-3d57
In base 2, what is 10010111101111010 + -1?
10010111101111001
In base 7, what is -3 - -3112365?
3112362
In base 10, what is 42538 + -1?
42537
In base 14, what is -4 - -17add?
17ad9
In base 3, what is -10 - 10020012?
-10020022
In base 5, what is 4231 + 3203?
12434
In base 14, what is 1b + -4c2?
-4a5
In base 14, what is -20 - -55?
35
In base 13, what is -2 + -5124?
-5126
In base 8, what is -2136143 - 7?
-2136152
In base 2, what is 110000001 + 100011100001?
101001100010
In base 8, what is 302 - 36650?
-36346
In base 13, what is -457 - -1841?
13b7
In base 14, what is -56cc5 + 7?
-56cbc
In base 13, what is 1 - 87545?
-87544
In base 14, what is -2904 - 4?
-2908
In base 15, what is 29 + 228dd?
22917
In base 9, what is 1 + 7348?
7350
In bas